v.
2, 31
Let f(d) = 3*d**3 - 6*d**2 - 33 - 9 - 9 - 4*d**3 - 4 + 9*d. What are the prime factors of f(-11)?
11, 41
Suppose 59015 = 4*j - 9*j. Let d be j/(-33) + 6/(-9). Suppose -2*o + 4*a = -254, 4*o + 3*a - d = 151. List the prime factors of o.
127
Let x(s) = -4*s**2 + 2*s**2 - 6*s - 7*s**3 + 4 + 7*s**2. Let c be x(2). Let k = 4 - c. List the prime factors of k.
2, 3
Let q = 1228 + -798. Let y = q + -282. What are the prime factors of y?
2, 37
Let t(n) = -n**3 + 16*n**2 - n + 21. Let q be t(16). Suppose -q*p = 4*p - 36. Suppose -p*g - 5*r + 417 = -0*r, 5*r - 201 = -2*g. List the prime factors of g.
2, 3
Suppose 0 = -0*v - 16*v + 16. Let n be (-1 - v) + 64 - 1. Suppose f = -t + n, 4*t - 7*t = 4*f - 178. List the prime factors of t.
2, 3, 11
Let d(h) = 8849*h - 1113. List the prime factors of d(3).
2, 3, 157
Suppose 20*x - 567543 = -x - 35067. List the prime factors of x.
2, 3, 2113
Let o = -25 + 43. Let g(s) = -7*s**3 + 19*s**2 - 18*s + 20. Let z(v) = 8*v**3 - 19*v**2 + 18*v - 21. Let y(r) = 7*g(r) + 6*z(r). List the prime factors of y(o).
2, 7
Let d = -15 + 19. Suppose d*c - 456 - 1048 = 0. Suppose -2*m + 7*m - 2*y - c = 0, 310 = 4*m + 3*y. List the prime factors of m.
2, 19
Suppose -4*r = -2*r - 40. Let w = r - 17. Suppose 7*z - 140 = w*z. What are the prime factors of z?
5, 7
Suppose -7747 = -h - 2*v, 26*v - 15494 = -2*h + 30*v. List the prime factors of h.
61, 127
Let x(i) = i**3 + 13*i**2 + 13*i + 9. Let u be x(-12). What are the prime factors of (-2 - u - 0) + -4 + 330?
3, 109
Suppose 46 - 6 = 4*p. Let o be ((-148)/6)/(5/((-225)/p)). Suppose 816 = 15*c + o. List the prime factors of c.
47
What are the prime factors of (2/4)/((36/(-12))/(-258930))?
3, 5, 7, 137
Suppose 77*a = 73*a. Suppose 0 = -c - a*c + 52. Suppose -j - j = -c. What are the prime factors of j?
2, 13
List the prime factors of (3 - 17/6) + (-449075)/(-330).
1361
Let u(v) = -v**2 + 19*v - 10. Let a(s) = -2*s + 32. Let x be a(7). Let m be u(x). Suppose -m*h = -316 - 348. List the prime factors of h.
83
Suppose 980 = -4*d - d. Let w = -85 - d. What are the prime factors of w?
3, 37
Let m(j) = 4*j**2 - 5*j + 2. Let y be m(5). Let z = 186 + y. List the prime factors of z.
263
Suppose 0 = -u - 2*h - 2, -2*u + 37 = 2*h + 39. Suppose u = 5*w + 2*j - 3424, 3*w - 3*j - 2074 = -28. What are the prime factors of w?
2, 3, 19
Suppose -37*s - 17911 = -3000. Let r = 271 - s. What are the prime factors of r?
2, 337
Suppose 4*q = -q + 75. Let j = -35 + 115. List the prime factors of j + 5/(q/12).
2, 3, 7
Let d(a) = -27 + 41 - 22 + 11*a. Let y be d(1). Suppose -545 = -y*s - 8. What are the prime factors of s?
179
Let r(o) = -o**3 + 24*o**2 - 11*o - 12. Let g be r(22). Let i = 1008 - g. What are the prime factors of i?
2, 3, 7
Let s = 943 - 330. Suppose 0 = 6*n - 5*n - 5*p - 621, -3*p - s = -n. What are the prime factors of n?
601
Let i(g) = 5*g**2 + 11*g - 6. Let q(w) = -2*w. Let l be q(-3). Suppose -4*s + 2*x = 24, -x + l*x = -4*s - 10. List the prime factors of i(s).
2
Let q(w) = w - 10. Let f be q(10). Suppose f*j + 6*j - 18 = 0. Suppose 0 = -j*b + 175 + 281. What are the prime factors of b?
2, 19
Let v(z) = -z**2 - 19*z - 30. Let o be v(-17). Suppose 4*n = -o*t + 1060, -4*n = -4*t - n + 1067. What are the prime factors of t?
2, 7, 19
Let z(c) = 43*c**2 + 69*c + 342. What are the prime factors of z(-31)?
2, 19763
Suppose 10434 + 20926 = -32*y. Let t = y + 1509. List the prime factors of t.
23
Let k(l) = 301*l**2 - 5*l - 1. Let n(s) = -s**3 - 12*s**2 - 10*s + 10. Let r be n(-11). What are the prime factors of k(r)?
5, 61
Suppose -5*b - 8 = -178. Suppose 7*q + 41 = b. List the prime factors of q/4 + 1042/8 + 2.
2, 3, 11
Let j(p) = -4*p**2 - 12*p - 15. Let l be j(-10). Suppose -19*t - 1940 = -15*t. Let u = l - t. List the prime factors of u.
2, 5, 19
Let z be 55 - 1/(0 + 1). Suppose 3*v - 69 = -3*i, -4*v + 10*i - 5*i + 65 = 0. Let o = z - v. List the prime factors of o.
2, 17
Let p = -113344 - -166498. What are the prime factors of p?
2, 3, 2953
Let c(i) = i**2 + 63 + 114 + 10*i - 119. List the prime factors of c(12).
2, 7, 23
Let l(v) = 17*v**2 + 14*v + 2*v**3 - 24 + 0*v**2 - 3*v**3. Suppose -44275*j + 44305*j - 510 = 0. List the prime factors of l(j).
2, 107
Let s be 3*(1*-5 - (-18 + 12)). Suppose 4424 = 4*y + z, 6*z = -s*y + 2*z + 3331. List the prime factors of y.
5, 13, 17
Suppose h = -2*z + 3*h - 34, -4*h - 12 = 0. Let q be (-685)/z*2*10. Suppose 8*w - q = 3*w. List the prime factors of w.
137
Let n be 16/(-4)*107/(-4). Suppose 5*c = f - n + 319, -f = c - 46. Let l = c - -28. List the prime factors of l.
71
Let w be ((-12720)/18)/(8/(-12)). Let h = w - -278. What are the prime factors of h?
2, 3, 223
What are the prime factors of 23/(322/(-28)) - (-1 - 4849)?
2, 3, 101
Suppose 4*t = -i + 22299, 311*i + 89157 = 315*i + 3*t. What are the prime factors of i?
3, 17, 19, 23
Let j(g) be the first derivative of -g**3/3 + 5*g**2 + 8*g + 6. Let o be j(11). List the prime factors of o - 133*(3 - 4).
2, 5, 13
Let t(z) = 13*z + 63. Let d(x) = 12*x + 62. Let o(a) = -7*d(a) + 6*t(a). Let p be o(-13). Let g(v) = -v**2 + 25*v - 13. List the prime factors of g(p).
53
Let f = -9 - -13. Let t(j) = -7*j**2 + 11*j + 8*j**2 - 23 + 4*j**2 - j**2. List the prime factors of t(f).
5, 17
Let g = 84 - 16. Suppose 4*q + 3*t = 169, -6*q + g = -4*q - 4*t. List the prime factors of q.
2, 5
What are the prime factors of 1944780/(-80)*28/(-21)?
32413
Suppose 0 = 199*c - 198*c - 39. What are the prime factors of (2 + 24/9)/(1/c)?
2, 7, 13
Suppose 3*n + 4553 = -5*x, 13*x = 8*x + 4*n - 4581. Let h = 1450 + x. What are the prime factors of h?
3, 179
Let c be (-3759)/(-3) - (-3 + (6 - 2)). Let u = -893 + c. What are the prime factors of u?
359
Suppose 2*w - 38 = -0*w + 4*d, 0 = 4*w + 5*d - 37. Suppose -15*u + w*u - 216 = 0. Let f = 183 + u. What are the prime factors of f?
3, 5
Let k = 20353 + 9833. What are the prime factors of k?
2, 3, 13, 43
Suppose 5*n - 90 = 2*t, 0*n = 2*n - 5*t - 57. What are the prime factors of ((-3180)/(-40))/(35/n + -2)?
2, 53
Suppose -2323 = -2*c + 5*y, 6*c - 2358 = 4*c - 2*y. Suppose -6*s + 3530 + c = 0. What are the prime factors of s?
2, 7
Let r(g) = -5*g**3 - 3*g - 32. Let d be r(-8). Let l = d - 734. List the prime factors of l.
2, 3, 101
Suppose 3*h + v - 9648 = 14752, 2*v = 5*h - 40652. List the prime factors of h.
2, 19, 107
Suppose 154*o + 4*q = 153*o + 9408, 2*q = -3*o + 28254. What are the prime factors of o?
2, 3, 5, 157
Suppose -22*w + 410421 = -411609. List the prime factors of w.
3, 5, 47, 53
Suppose 0 = 4*y + 5*z - 7533, 2*z - 9420 = -5*y - 3*z. Suppose -17247 + y = -8*x. List the prime factors of x.
2, 3, 5
Let g(j) = 964*j - 9523. What are the prime factors of g(19)?
3, 977
List the prime factors of (-200 - 17)*(-1052)/14.
2, 31, 263
Let f(s) be the second derivative of s**5/20 + 3*s**4/2 - 7*s**3/6 - 99*s**2/2 - 176*s. What are the prime factors of f(-13)?
3, 31
List the prime factors of 3 + -1 - (-9 + 9 - (1857 - 2)).
3, 619
Let l be -178 - (2 - 2/2). Suppose -29*w + 1683 + 7191 = 0. Let m = w + l. What are the prime factors of m?
127
Suppose -2*p - 4*t - 408 = 0, t = -3*p - 3*t - 620. Let u(x) = x**3 - 8*x**2 + 6*x - 24. Let b be u(8). What are the prime factors of p*(-2)/b*3?
53
Suppose -15*d + 26574 - 1824 = 0. Suppose d*x - 1657*x = -13195. List the prime factors of x.
5, 13, 29
Let c = 972 + -408. What are the prime factors of c?
2, 3, 47
Let i(z) = -2*z**2 - 37*z - 128. Let t be i(-14). What are the prime factors of t/(-4) + 13871/22?
631
Let f(u) be the third derivative of u**6/120 - 7*u**5/60 + u**4/8 - 2*u**3 - 11*u**2. Let s be f(6). List the prime factors of (-4158)/s + ((-9)/15 - 0).
2, 3, 23
Suppose -10*k + 4 - 14 = 0. List the prime factors of ((-1)/k)/((-22)/(-2860)).
2, 5, 13
Let y(s) = -s - 1. Let k(w) = 84*w. Let j(h) = k(h) + 28*y(h). Let m be j(8). List the prime factors of ((-16)/(-40))/(2/m).
2, 3, 7
Let u(z) = -z**2 + 16*z - 25. Let j be u(13). Let f be j*6/15*(-30)/(-24). Suppose -f*g + 920 = 3*g. What are the prime factors of g?
2, 23
Suppose 4*x = 12, -14*x + 15*x - 12903 = -2*d. List the prime factors of d.
2, 3, 5, 43
Let z(t) = 875*t**2 - 10*t + 3. Let n be z(2). Let m = 5183 - n. What are the prime factors of m?
2, 5, 17
Let m = -34 + 75. Supp